{"id":31175,"date":"2019-07-14T23:00:00","date_gmt":"2019-07-14T22:00:00","guid":{"rendered":"https:\/\/bnssghealthiertogether.org.uk\/library\/primary-care-strategy-update-presentation-for-professionals\/"},"modified":"2019-07-14T23:00:00","modified_gmt":"2019-07-14T22:00:00","slug":"primary-care-strategy-update-presentation-for-professionals","status":"publish","type":"library","link":"https:\/\/bnssghealthiertogether.org.uk\/fr\/library\/primary-care-strategy-update-presentation-for-professionals\/","title":{"rendered":"Mise \u00e0 jour de la strat\u00e9gie en soins primaires \u2013 pr\u00e9sentation \u00e0 l\u2019intention des professionnels"},"content":{"rendered":"<p>Voir une pr\u00e9sentation sur la mise \u00e0 jour de notre strat\u00e9gie en mati\u00e8re de soins primaires.<\/p>","protected":false},"excerpt":{"rendered":"<p>Voir une pr\u00e9sentation sur la mise \u00e0 jour de notre strat\u00e9gie en mati\u00e8re de soins primaires.<\/p>","protected":false},"featured_media":0,"parent":0,"template":"","categories":[280,285],"class_list":["post-31175","library","type-library","status-publish","hentry","category-integrated-care-board","category-policies-and-strategies"],"acf":[],"_links":{"self":[{"href":"https:\/\/bnssghealthiertogether.org.uk\/fr\/wp-json\/wp\/v2\/library\/31175","targetHints":{"allow":["GET"]}}],"collection":[{"href":"https:\/\/bnssghealthiertogether.org.uk\/fr\/wp-json\/wp\/v2\/library"}],"about":[{"href":"https:\/\/bnssghealthiertogether.org.uk\/fr\/wp-json\/wp\/v2\/types\/library"}],"version-history":[{"count":0,"href":"https:\/\/bnssghealthiertogether.org.uk\/fr\/wp-json\/wp\/v2\/library\/31175\/revisions"}],"wp:attachment":[{"href":"https:\/\/bnssghealthiertogether.org.uk\/fr\/wp-json\/wp\/v2\/media?parent=31175"}],"wp:term":[{"taxonomy":"category","embeddable":true,"href":"https:\/\/bnssghealthiertogether.org.uk\/fr\/wp-json\/wp\/v2\/categories?post=31175"}],"curies":[{"name":"wp","href":"https:\/\/api.w.org\/{rel}","templated":true}]}}

Mise à jour de la stratégie en soins primaires – présentation à l’intention des professionnels

<p>Voir une présentation sur la mise à jour de notre stratégie en matière de soins primaires.</p>
