{"id":30955,"date":"2019-09-17T23:00:00","date_gmt":"2019-09-17T22:00:00","guid":{"rendered":"https:\/\/bnssghealthiertogether.org.uk\/library\/paediatric-speech-therapy-policy\/"},"modified":"2019-09-17T23:00:00","modified_gmt":"2019-09-17T22:00:00","slug":"paediatric-speech-therapy-policy","status":"publish","type":"library","link":"https:\/\/bnssghealthiertogether.org.uk\/sq\/library\/paediatric-speech-therapy-policy\/","title":{"rendered":"Politika e Terapis\u00eb s\u00eb t\u00eb Folurit p\u00ebr F\u00ebmij\u00eb"},"content":{"rendered":"<p>K\u00ebrkes\u00eb p\u00ebr financim p\u00ebr akses n\u00eb terapi t\u00eb t\u00eb folurit dhe gjuh\u00ebs n\u00eb kujdesin sekondar p\u00ebr pacient\u00ebt e mosh\u00ebs 18 vje\u00e7 e posht\u00eb.<\/p>\n\n<p>Nj\u00eb \u00e7rregullim i z\u00ebrit mund t\u00eb paraqitet si humbje totale e z\u00ebrit (afonia) ose ndryshim i z\u00ebrit (disfoni) p\u00ebr sa i p\u00ebrket cil\u00ebsis\u00eb, lart\u00ebsis\u00eb, rezonanc\u00ebs dhe volumit. Kjo mund t\u00eb varioj\u00eb nga e leht\u00eb n\u00eb t\u00eb r\u00ebnd\u00eb dhe mund t\u00eb jet\u00eb e vazhdueshme ose e paq\u00ebndrueshme. Shkaku i nj\u00eb \u00e7rregullimi t\u00eb z\u00ebrit mund t\u00eb jet\u00eb p\u00ebr shkak t\u00eb aksidenteve, gjendjeve neurologjike ose sistemike, procedurave kirurgjikale, infeksioneve virale, kancerit, abuzimit dhe keqp\u00ebrdorimit vokal, stresit emocional, traum\u00ebs dhe s\u00ebmundjes.<\/p>\n<p>P\u00ebrdit\u00ebsuar m\u00eb 1 maj 2024<\/p>","protected":false},"excerpt":{"rendered":"<p>Request for funding for access to speech and language therapy in secondary care for patients aged 18 and under. A voice disorder may present as a total loss of voice (aphonia) or change to the voice (dysphonia) in terms of quality, pitch, resonance and volume. This can range from mild to severe and can be [&hellip;]<\/p>\n","protected":false},"featured_media":0,"parent":0,"template":"","categories":[284,280],"class_list":["post-30955","library","type-library","status-publish","hentry","category-individual-funding-requests-ifr","category-integrated-care-board"],"acf":[],"_links":{"self":[{"href":"https:\/\/bnssghealthiertogether.org.uk\/sq\/wp-json\/wp\/v2\/library\/30955","targetHints":{"allow":["GET"]}}],"collection":[{"href":"https:\/\/bnssghealthiertogether.org.uk\/sq\/wp-json\/wp\/v2\/library"}],"about":[{"href":"https:\/\/bnssghealthiertogether.org.uk\/sq\/wp-json\/wp\/v2\/types\/library"}],"version-history":[{"count":0,"href":"https:\/\/bnssghealthiertogether.org.uk\/sq\/wp-json\/wp\/v2\/library\/30955\/revisions"}],"wp:attachment":[{"href":"https:\/\/bnssghealthiertogether.org.uk\/sq\/wp-json\/wp\/v2\/media?parent=30955"}],"wp:term":[{"taxonomy":"category","embeddable":true,"href":"https:\/\/bnssghealthiertogether.org.uk\/sq\/wp-json\/wp\/v2\/categories?post=30955"}],"curies":[{"name":"wp","href":"https:\/\/api.w.org\/{rel}","templated":true}]}}

Politika e Terapisë së të Folurit për Fëmijë

<p>Kërkesë për financim për akses në terapi të të folurit dhe gjuhës në kujdesin sekondar për pacientët e moshës 18 vjeç e poshtë.</p>

<p>Një çrregullim i zërit mund të paraqitet si humbje totale e zërit (afonia) ose ndryshim i zërit (disfoni) për sa i përket cilësisë, lartësisë, rezonancës dhe volumit. Kjo mund të variojë nga e lehtë në të rëndë dhe mund të jetë e vazhdueshme ose e paqëndrueshme. Shkaku i një çrregullimi të zërit mund të jetë për shkak të aksidenteve, gjendjeve neurologjike ose sistemike, procedurave kirurgjikale, infeksioneve virale, kancerit, abuzimit dhe keqpërdorimit vokal, stresit emocional, traumës dhe sëmundjes.</p>
<p>Përditësuar më 1 maj 2024</p>
