{"id":30977,"date":"2020-11-02T00:00:00","date_gmt":"2020-11-02T00:00:00","guid":{"rendered":"https:\/\/bnssghealthiertogether.org.uk\/library\/hydroceles-in-patients-over-16-years-of-age\/"},"modified":"2020-11-02T00:00:00","modified_gmt":"2020-11-02T00:00:00","slug":"hydroceles-in-patients-over-16-years-of-age","status":"publish","type":"library","link":"https:\/\/bnssghealthiertogether.org.uk\/sq\/library\/hydroceles-in-patients-over-16-years-of-age\/","title":{"rendered":"Hidrocele te pacient\u00ebt mbi 16 vje\u00e7"},"content":{"rendered":"<p>Hydroceles in patients over 16 years of age is is subject to a criteria based access policy.<\/p>\n<p>P\u00ebrdit\u00ebsuar m\u00eb 1 maj 2024<\/p>","protected":false},"excerpt":{"rendered":"<p>Hydroceles in patients over 16 years of age is is subject to a criteria based access policy. Updated 1 May 2024<\/p>","protected":false},"featured_media":0,"parent":0,"template":"","categories":[311,280],"class_list":["post-30977","library","type-library","status-publish","hentry","category-governanceindividual-funding-requests-ifr","category-integrated-care-board"],"acf":[],"_links":{"self":[{"href":"https:\/\/bnssghealthiertogether.org.uk\/sq\/wp-json\/wp\/v2\/library\/30977","targetHints":{"allow":["GET"]}}],"collection":[{"href":"https:\/\/bnssghealthiertogether.org.uk\/sq\/wp-json\/wp\/v2\/library"}],"about":[{"href":"https:\/\/bnssghealthiertogether.org.uk\/sq\/wp-json\/wp\/v2\/types\/library"}],"version-history":[{"count":0,"href":"https:\/\/bnssghealthiertogether.org.uk\/sq\/wp-json\/wp\/v2\/library\/30977\/revisions"}],"wp:attachment":[{"href":"https:\/\/bnssghealthiertogether.org.uk\/sq\/wp-json\/wp\/v2\/media?parent=30977"}],"wp:term":[{"taxonomy":"category","embeddable":true,"href":"https:\/\/bnssghealthiertogether.org.uk\/sq\/wp-json\/wp\/v2\/categories?post=30977"}],"curies":[{"name":"wp","href":"https:\/\/api.w.org\/{rel}","templated":true}]}}

Hidrocele te pacientët mbi 16 vjeç

<p>Hydroceles in patients over 16 years of age is is subject to a criteria based access policy.</p>
<p>Përditësuar më 1 maj 2024</p>
