{"id":31175,"date":"2019-07-14T23:00:00","date_gmt":"2019-07-14T22:00:00","guid":{"rendered":"https:\/\/bnssghealthiertogether.org.uk\/library\/primary-care-strategy-update-presentation-for-professionals\/"},"modified":"2019-07-14T23:00:00","modified_gmt":"2019-07-14T22:00:00","slug":"primary-care-strategy-update-presentation-for-professionals","status":"publish","type":"library","link":"https:\/\/bnssghealthiertogether.org.uk\/sq\/library\/primary-care-strategy-update-presentation-for-professionals\/","title":{"rendered":"P\u00ebrdit\u00ebsimi i strategjis\u00eb s\u00eb kujdesit par\u00ebsor \u2013 prezantim p\u00ebr profesionist\u00ebt"},"content":{"rendered":"<p>View a presentation on how we&#8217;re updating our primary care strategy.<\/p>","protected":false},"excerpt":{"rendered":"<p>View a presentation on how we&#8217;re updating our primary care strategy.<\/p>","protected":false},"featured_media":0,"parent":0,"template":"","categories":[280,285],"class_list":["post-31175","library","type-library","status-publish","hentry","category-integrated-care-board","category-policies-and-strategies"],"acf":[],"_links":{"self":[{"href":"https:\/\/bnssghealthiertogether.org.uk\/sq\/wp-json\/wp\/v2\/library\/31175","targetHints":{"allow":["GET"]}}],"collection":[{"href":"https:\/\/bnssghealthiertogether.org.uk\/sq\/wp-json\/wp\/v2\/library"}],"about":[{"href":"https:\/\/bnssghealthiertogether.org.uk\/sq\/wp-json\/wp\/v2\/types\/library"}],"version-history":[{"count":0,"href":"https:\/\/bnssghealthiertogether.org.uk\/sq\/wp-json\/wp\/v2\/library\/31175\/revisions"}],"wp:attachment":[{"href":"https:\/\/bnssghealthiertogether.org.uk\/sq\/wp-json\/wp\/v2\/media?parent=31175"}],"wp:term":[{"taxonomy":"category","embeddable":true,"href":"https:\/\/bnssghealthiertogether.org.uk\/sq\/wp-json\/wp\/v2\/categories?post=31175"}],"curies":[{"name":"wp","href":"https:\/\/api.w.org\/{rel}","templated":true}]}}

Përditësimi i strategjisë së kujdesit parësor – prezantim për profesionistët
