{"id":31134,"date":"2019-07-15T23:00:00","date_gmt":"2019-07-15T22:00:00","guid":{"rendered":"https:\/\/bnssghealthiertogether.org.uk\/library\/mental-health-conditions-and-the-workplace\/"},"modified":"2019-07-15T23:00:00","modified_gmt":"2019-07-15T22:00:00","slug":"mental-health-conditions-and-the-workplace","status":"publish","type":"library","link":"https:\/\/bnssghealthiertogether.org.uk\/tr\/library\/mental-health-conditions-and-the-workplace\/","title":{"rendered":"Ruh Sa\u011fl\u0131\u011f\u0131 Sorunlar\u0131 ve \u0130\u015fyeri"},"content":{"rendered":"","protected":false},"excerpt":{"rendered":"","protected":false},"featured_media":0,"parent":0,"template":"","categories":[280,293],"class_list":["post-31134","library","type-library","status-publish","hentry","category-integrated-care-board","category-research-and-evidence"],"acf":[],"_links":{"self":[{"href":"https:\/\/bnssghealthiertogether.org.uk\/tr\/wp-json\/wp\/v2\/library\/31134","targetHints":{"allow":["GET"]}}],"collection":[{"href":"https:\/\/bnssghealthiertogether.org.uk\/tr\/wp-json\/wp\/v2\/library"}],"about":[{"href":"https:\/\/bnssghealthiertogether.org.uk\/tr\/wp-json\/wp\/v2\/types\/library"}],"version-history":[{"count":0,"href":"https:\/\/bnssghealthiertogether.org.uk\/tr\/wp-json\/wp\/v2\/library\/31134\/revisions"}],"wp:attachment":[{"href":"https:\/\/bnssghealthiertogether.org.uk\/tr\/wp-json\/wp\/v2\/media?parent=31134"}],"wp:term":[{"taxonomy":"category","embeddable":true,"href":"https:\/\/bnssghealthiertogether.org.uk\/tr\/wp-json\/wp\/v2\/categories?post=31134"}],"curies":[{"name":"wp","href":"https:\/\/api.w.org\/{rel}","templated":true}]}}

Ruh Sağlığı Sorunları ve İşyeri
